 -2*n**2 - 188*n + 2500. Give p(-107).
-282
Let l(y) = 4*y**2 + 1174*y - 1755. Give l(-295).
15
Let q(l) = -l**2 + 12233*l + 48949. Calculate q(-4).
1
Let j(w) = 101120*w + 404482. Give j(-4).
2
Let s(d) = -d**2 + 235*d - 10966. Determine s(66).
188
Let s(v) = -181*v**3 + 1267*v**2 - 12*v + 97. Calculate s(7).
13
Let r(o) = 3*o**2 + 106537*o - 4159504. Calculate r(39).
2
Let k(l) = l**3 + 22*l**2 + 93*l + 1535. Determine k(-21).
23
Let u(j) = -21*j**3 + 462*j**2 + 63. Calculate u(22).
63
Let h(d) = 2*d**3 + 219*d**2 + 766*d + 96371. Calculate h(-110).
11
Let q(k) = 1194*k**2 + 9568*k + 140. What is q(-8)?
12
Let l(q) = -7*q**2 + 677*q - 83. Determine l(96).
397
Let f(l) = -2357*l + 11066. What is f(5)?
-719
Let h(n) = -n**3 - 78*n**2 + 1115*n + 86953. Determine h(-78).
-17
Let v(l) = 25066*l + 100709. Determine v(-4).
445
Let b(h) = 1909*h + 152704. Give b(-80).
-16
Let y(j) = 2*j**2 - 2461*j - 22330. Calculate y(-9).
-19
Let f(k) = 6047*k - 785965. What is f(130)?
145
Let v(m) = -m**3 - 83*m**2 - 364*m - 3825. Determine v(-79).
-33
Let k(m) = 71253*m - 1140096. Determine k(16).
-48
Let r(u) = -2552*u - 17714. Give r(-7).
150
Let n(v) = v**3 + 271*v**2 + 3736*v + 860290. Give n(-269).
28
Let l(y) = -619*y + 160314. Calculate l(259).
-7
Let k(m) = m**2 - 132*m + 3994. Determine k(90).
214
Let w(b) = -288052*b - 576088. What is w(-2)?
16
Let u(o) = 19*o**3 + 3*o**2 + 6479*o + 6477. Determine u(-1).
-18
Let x(n) = -104*n**2 - 618*n - 74. Calculate x(-6).
-110
Let z(h) = -4*h**2 + 615*h - 953. Give z(152).
111
Let v(j) = 27425*j - 1042147. What is v(38)?
3
Let h(i) = -i**3 + 22*i**2 - 49*i - 871. Determine h(13).
13
Let s(w) = -2298*w - 66335. Determine s(-28).
-1991
Let l(v) = 33*v**3 + 1650*v**2 - 20*v - 81. What is l(-50)?
919
Let d(k) = -2*k**2 - 475*k + 28554. Determine d(53).
-2239
Let w(c) = c**3 + 172*c**2 - 38*c + 24310. Determine w(-173).
955
Let b(o) = 15083*o - 1387635. What is b(92)?
1
Let k(v) = 2941*v - 17719. Determine k(6).
-73
Let p(l) = -l**3 - 124*l**2 - 106*l + 274. Calculate p(-2).
-2
Let n(q) = 76*q - 15507. Calculate n(213).
681
Let s(r) = -11*r**2 + 226*r - 1914. Calculate s(10).
-754
Let k(o) = -44*o**2 - 13867*o + 96939. Give k(-322).
17
Let l(u) = u**3 + 21*u**2 - 1699*u - 271. What is l(32)?
-367
Let t(d) = -5*d**2 + 8733*d - 291146. What is t(34)?
-4
Let j(a) = -4*a**2 - 5555*a - 148571. Determine j(-27).
-1502
Let n(g) = 7*g**3 + 131*g**2 - 6*g + 466. Calculate n(-19).
-142
Let v(f) = -f**2 + 1075*f + 49236. Give v(-44).
0
Let o(a) = 145*a + 10361. Calculate o(-76).
-659
Let q(t) = -30*t**2 - 512*t - 2175. What is q(-6)?
-183
Let n(s) = -s**3 - 114*s**2 - 2018*s + 599. Determine n(-92).
47
Let r(z) = z**3 - 105*z**2 + 2221*z + 2277. Calculate r(31).
14
Let c(d) = d**3 + 356*d**2 + 6719*d - 5. What is c(-20)?
15
Let c(s) = -6264*s - 137828. Give c(-22).
-20
Let m(g) = -26451*g - 79456. Calculate m(-3).
-103
Let w(r) = -26532*r**2 - 159251*r. Give w(-6).
354
Let q(u) = -u**2 + 6504*u + 460158. Determine q(-70).
-22
Let x(l) = 180801*l - 361749. What is x(2)?
-147
Let r(y) = 2*y**2 - 1241*y + 59135. Calculate r(52).
11
Let l(n) = 1696*n**3 + 2*n**2 + 49*n + 46. What is l(-1)?
-1697
Let x(o) = -10*o**2 + 688*o - 9998. Determine x(46).
490
Let o(t) = -8266*t - 190129. Give o(-23).
-11
Let y(a) = -54*a + 956. Calculate y(-36).
2900
Let t(o) = -o**3 + 260*o**2 - 1767*o - 1004. Determine t(253).
8
Let x(l) = 98*l**3 - 699*l**2 + 94*l - 138. Calculate x(7).
-117
Let a(q) = 4*q - 30. What is a(55)?
190
Let z(i) = 7*i**2 - 8256*i + 640121. Calculate z(1096).
57
Let f(b) = b**3 + 384*b**2 + 12579*b + 17763. Calculate f(-348).
15
Let x(u) = 72*u**3 - 361*u**2 + 118*u - 569. Determine x(5).
-4
Let o(t) = 153*t - 11869. Determine o(78).
65
Let b(n) = n**2 - 36572*n + 475264. What is b(13)?
-3
Let o(a) = 5*a**3 + 87*a**2 + 249*a + 122. Give o(-14).
-32
Let b(m) = -4629*m - 277730. Determine b(-60).
10
Let a(u) = 15689*u + 94087. Give a(-6).
-47
Let j(h) = h**2 - 40579*h - 405893. Determine j(-10).
-3
Let h(f) = f**3 - 52*f**2 + 554*f - 409. Give h(15).
-424
Let w(s) = -33*s**3 + 2675*s**2 - 165*s + 81. Give w(81).
-162
Let c(u) = 3*u + 1438. Determine c(-68).
1234
Let k(l) = l**2 - 2417*l + 66932. Calculate k(28).
40
Let o(z) = -34934*z - 209643. Determine o(-6).
-39
Let o(c) = c**3 + 105*c**2 + 389*c + 182. Calculate o(-101).
1697
Let u(h) = h**2 + 261*h - 10718. Give u(46).
3404
Let z(w) = 4*w**3 - 7*w**2 + 148*w - 456. What is z(3)?
33
Let i(l) = 7*l**2 + 1834*l - 3664. Calculate i(-264).
32
Let g(d) = 84*d - 3665. Determine g(107).
5323
Let f(i) = -72918*i + 2114600. Calculate f(29).
-22
Let d(z) = 2*z**3 - 7*z**2 + 26*z + 179. What is d(-3)?
-16
Let u(s) = 9958*s - 5974867. Calculate u(600).
-67
Let s(w) = -6*w**2 + 3139*w + 3134. What is s(-1)?
-11
Let t(h) = -3*h**3 - 142*h**2 - 862*h - 38313. Calculate t(-47).
-8
Let i(g) = 456*g**2 - 476*g + 9. Determine i(1).
-11
Let b(c) = 2410*c - 7931. Calculate b(3).
-701
Let c(z) = -46*z**2 - 706*z - 16. Determine c(6).
-5908
Let v(z) = 126*z + 16953. Give v(-127).
951
Let i(f) = 2*f**3 + 6*f**2 + 247*f + 1515. Determine i(-6).
-183
Let v(d) = 15*d**2 - 41*d - 273. Give v(8).
359
Let u(x) = 1196*x + 75. What is u(0)?
75
Let h(k) = 1995*k + 217551. Calculate h(-109).
96
Let u(a) = -101172*a - 505849. Give u(-5).
11
Let g(y) = 62*y**2 + 5020*y - 187. Determine g(-81).
-25
Let j(i) = 210090*i - 23530076. Calculate j(112).
4
Let m(x) = x**2 + 402*x + 6716. What is m(-15)?
911
Let s(o) = 5*o**2 - o + 93. Determine s(12).
801
Let v(y) = -8*y**3 + 6*y**2 - 59*y - 329. What is v(-4)?
515
Let g(v) = v**2 + 570*v + 20111. Calculate g(-38).
-105
Let s(b) = 2541*b - 10165. Calculate s(4).
-1
Let u(p) = -286968*p - 2295744. Calculate u(-8).
0
Let w(p) = -p**3 + 17*p**2 + 204*p - 3413. What is w(18)?
-65
Let w(m) = 5*m**2 + 36000*m - 180054. What is w(5)?
71
Let u(f) = -310*f + 56442. What is u(182)?
22
Let m(w) = -w**3 + 119*w**2 + 1719*w - 19. Determine m(-13).
-58
Let b(j) = -7745*j + 154995. Calculate b(20).
95
Let b(g) = -147*g + 869. What is b(6)?
-13
Let b(u) = -7713*u + 93330. Determine b(12).
774
Let u(s) = 10*s**3 - 1100*s**2 + 4*s - 464. What is u(110)?
-24
Let d(z) = z**3 + 35*z**2 - 126*z - 7766. Calculate d(-31).
-16
Let q(l) = -2050*l - 75860. Determine q(-38).
2040
Let f(c) = 126*c**2 + 3890*c - 297. Determine f(-31).
199
Let m(u) = 3889*u - 626129. Determine m(161).
0
Let g(x) = -250*x**2 + 3314*x + 6551. Give g(15).
11
Let j(v) = 2*v**2 - 4059*v + 72433. Determine j(18).
19
Let i(v) = 201*v**2 - 17690*v + 221. Give i(88).
45
Let m(u) = 247469*u - 3464574. Determine m(14).
-8
Let a(k) = 371*k**2 - 92*k - 93. Determine a(-1).
370
Let u(z) = 4*z**3 + 32*z**2 - 618*z - 97. Calculate u(-17).
5
Let t(i) = 62*i**3 + 187*i**2 + 102*i + 306. What is t(-3)?
9
Let c(u) = -3085*u - 12670. What is c(-4)?
-330
Let u(g) = -g**3 - 134*g**2 + 2735*g + 1790. Calculate u(-152).
1942
Let p(u) = 357*u**2 + 10*u - 13. Determine p(1).
354
Let k(w) = 99*w - 11809. What is k(119)?
-28
Let b(z) = -6*z**3 - 272*z**2 + 201*z + 71. Calculate b(1).
-6
Let w(l) = 2*l**3 + 361*l**2 + 196*l + 1382. Determine w(-180).
-1498
Let p(n) = 2744703*n + 1. What is p(0)?
1
Let l(z) = -5*z**2 + 831*z + 27193. What is l(-28)?
5
Let n(j) = -10*j**3 - 113*j**2 - 459*j - 4667. Calculate n(-11).
19
Let p(t) = -1619*t - 270392. Calculate p(-167).
-19
Let p(y) = -2*y**3 - 417*y**2 - 306*y - 20434. What is p(-208)?
-50
Let t(h) = h**3 + 3*h**2 - 43*h - 387. What is t(-11)?
-882
Let d(l) = -l**2 - 10649*l - 106399. What is d(-10)?
-9
Let j(x) = -10276*x + 8529102. Give j(830).
22
Let g(b) = b**2 - 93114*b + 931031. Determine g(10).
-9
Let r(u) = 913*u + 45013. Give r(-49).
276
Let o(r) = 8*r**2 + 108769*r - 217530. What is o(2)?
40
Let m(h) = 2*h**3 + 373*h**2 + 14155*h + 159. Give m(-53).
-53
Let g(b) = -63984*b + 191127. Calculate g(3).
-825
Let y(o) = 265840*o + 2658406. What is y(-10)?
6
Let x(u) = -781*u**2 - 1350*u - 1352. What is x(-1)?
-783
Let d(t) = t**2 + 174*t - 201309. Calculate d(370).
-29
Let d(n) = 100*n**2 - 4100*n + 34. What is d(41)?
34
Let q(j) = -j**2 - 796*j + 6601. Calculate q(8).
169
Let k(c) = -3*c**3 - 196*c**2 - 446*c + 90. Give k(-63).
405
Let b(l) = -55546*l - 2999482. Determine b(-54).
2
Let l(g) 